{"id":10554,"date":"2024-05-23T11:20:45","date_gmt":"2024-05-23T15:20:45","guid":{"rendered":"https:\/\/www.getec.cl\/home\/?post_type=product&#038;p=10554"},"modified":"2026-04-13T11:00:41","modified_gmt":"2026-04-13T15:00:41","slug":"si8-dc2-npn-no-s-sensor-inductivo-aeco","status":"publish","type":"product","link":"https:\/\/www.getec.cl\/home\/producto\/si8-dc2-npn-no-s-sensor-inductivo-aeco\/","title":{"rendered":"SI8-DC2 NPN NO S Sensor Inductivo Aeco"},"content":{"rendered":"<table class=\"table table-striped\" cellspacing=\"0\" cellpadding=\"2\">\n<tbody>\n<tr>\n<td class=\"rigaTitolo\" colspan=\"2\"><strong>Datos el\u00e9ctricos<\/strong><\/td>\n<\/tr>\n<tr>\n<td class=\"riga1\" width=\"40%\">Tipo de fuente de alimentaci\u00f3n :<\/td>\n<td class=\"riga1\" width=\"60%\">Corriente directa<\/td>\n<\/tr>\n<tr>\n<td class=\"riga2\" width=\"40%\">Tensi\u00f3n de funcionamiento [V]:<\/td>\n<td class=\"riga2\" width=\"60%\">10 \u00f7 30<\/td>\n<\/tr>\n<tr>\n<td class=\"riga1\" width=\"40%\">Consumo de corriente [mA]:<\/td>\n<td class=\"riga1\" width=\"60%\">&lt; 12 mA @ 24Vdc<\/td>\n<\/tr>\n<tr>\n<td class=\"riga2\" width=\"40%\">Clase de protecci\u00f3n :<\/td>\n<td class=\"riga2\" width=\"60%\">III<\/td>\n<\/tr>\n<tr>\n<td class=\"riga1\" width=\"40%\">Protecci\u00f3n contra inversiones de polaridad :<\/td>\n<td class=\"riga1\" width=\"60%\">Presente<\/td>\n<\/tr>\n<tr>\n<td class=\"rigaTitolo\" colspan=\"2\"><strong>Salidas<\/strong><\/td>\n<\/tr>\n<tr>\n<td class=\"riga1\" width=\"40%\">Modelo electrico :<\/td>\n<td class=\"riga1\" width=\"60%\">NPN<\/td>\n<\/tr>\n<tr>\n<td class=\"riga2\" width=\"40%\">Funci\u00f3n :<\/td>\n<td class=\"riga2\" width=\"60%\">NO<\/td>\n<\/tr>\n<tr>\n<td class=\"riga1\" width=\"40%\">Ca\u00edda de tensi\u00f3n m\u00e1xima [V]:<\/td>\n<td class=\"riga1\" width=\"60%\">&lt; 1.8<\/td>\n<\/tr>\n<tr>\n<td class=\"riga2\" width=\"40%\">Corriente de salida m\u00e1xima [mA]:<\/td>\n<td class=\"riga2\" width=\"60%\">200<\/td>\n<\/tr>\n<tr>\n<td class=\"riga1\" width=\"40%\">Frecuencia de conmutaci\u00f3n [Hz]:<\/td>\n<td class=\"riga1\" width=\"60%\">2000<\/td>\n<\/tr>\n<tr>\n<td class=\"riga2\" width=\"40%\">Protecci\u00f3n contra cortocircuito :<\/td>\n<td class=\"riga2\" width=\"60%\">Presente<\/td>\n<\/tr>\n<tr>\n<td class=\"riga1\" width=\"40%\">Resistente a sobrecargas :<\/td>\n<td class=\"riga1\" width=\"60%\">Presente<\/td>\n<\/tr>\n<tr>\n<td class=\"rigaTitolo\" colspan=\"2\"><strong>Campo de detecci\u00f3n<\/strong><\/td>\n<\/tr>\n<tr>\n<td class=\"riga1\" width=\"40%\">Distancia de conmutaci\u00f3n-Sn [mm]:<\/td>\n<td class=\"riga1\" width=\"60%\">2<\/td>\n<\/tr>\n<tr>\n<td class=\"riga2\" width=\"40%\">Distancia de conmutaci\u00f3n real-Sr [mm]:<\/td>\n<td class=\"riga2\" width=\"60%\">2 \u00b110%<\/td>\n<\/tr>\n<tr>\n<td class=\"riga1\" width=\"40%\">Distancia de operaci\u00f3n -So [mm]:<\/td>\n<td class=\"riga1\" width=\"60%\">0 \u00f7 1.62<\/td>\n<\/tr>\n<tr>\n<td class=\"riga2\" width=\"40%\">Distancia de conmutaci\u00f3n aumentada :<\/td>\n<td class=\"riga2\" width=\"60%\">Si<\/td>\n<\/tr>\n<tr>\n<td class=\"rigaTitolo\" colspan=\"2\"><strong>Precisi\u00f3n y Variaciones<\/strong><\/td>\n<\/tr>\n<tr>\n<td class=\"riga1\" width=\"40%\">Factor de correcci\u00f3n :<\/td>\n<td class=\"riga1\" width=\"60%\">Acero inoxidable: 0.9 &#8211; Lat\u00f3n: 0.5 &#8211; Aluminio: 0.4 &#8211; Cobre: 0.4<\/td>\n<\/tr>\n<tr>\n<td class=\"riga2\" width=\"40%\">Hist\u00e9resis [%Sr]:<\/td>\n<td class=\"riga2\" width=\"60%\">&lt; 10<\/td>\n<\/tr>\n<tr>\n<td class=\"riga1\" width=\"40%\">Deriva del punto de conmutaci\u00f3n [%Sr]:<\/td>\n<td class=\"riga1\" width=\"60%\">-1<\/td>\n<\/tr>\n<tr>\n<td class=\"riga2\" width=\"40%\">Repetibilidad [%Sn]:<\/td>\n<td class=\"riga2\" width=\"60%\">&lt; 3<\/td>\n<\/tr>\n<tr>\n<td class=\"rigaTitolo\" colspan=\"2\"><strong>Condiciones ambientales<\/strong><\/td>\n<\/tr>\n<tr>\n<td class=\"riga1\" width=\"40%\">L\u00edmites de temperatura [\u00b0C]:<\/td>\n<td class=\"riga1\" width=\"60%\">-25\/+70<\/td>\n<\/tr>\n<tr>\n<td class=\"riga2\" width=\"40%\">Grado de protecci\u00f3n :<\/td>\n<td class=\"riga2\" width=\"60%\">IP65-IP66-IP67<\/td>\n<\/tr>\n<tr>\n<td class=\"rigaTitolo\" colspan=\"2\"><strong>Elementos de visualizaci\u00f3n y control<\/strong><\/td>\n<\/tr>\n<tr>\n<td class=\"riga1\" width=\"40%\">Se\u00f1alizaci\u00f3n :<\/td>\n<td class=\"riga1\" width=\"60%\">Estado de conmutaci\u00f3n de salida &#8211; 1 x LED: Amarillo<\/td>\n<\/tr>\n<tr>\n<td class=\"rigaTitolo\" colspan=\"2\"><strong>Datos mec\u00e1nicos<\/strong><\/td>\n<\/tr>\n<tr>\n<td class=\"riga1\" width=\"40%\">Carcasa :<\/td>\n<td class=\"riga1\" width=\"60%\">Tipo con rosca<\/td>\n<\/tr>\n<tr>\n<td class=\"riga2\" width=\"40%\">Nombre de la rosca :<\/td>\n<td class=\"riga2\" width=\"60%\">M8x1<\/td>\n<\/tr>\n<tr>\n<td class=\"riga1\" width=\"40%\">Dimensiones [mm]:<\/td>\n<td class=\"riga1\" width=\"60%\">M8x1 &#8211; L=35<\/td>\n<\/tr>\n<tr>\n<td class=\"riga2\" width=\"40%\">Materiales :<\/td>\n<td class=\"riga2\" width=\"60%\">Carcasa: AISI 303 &#8211; Superficie activa: POM gris &#8211; Tuercas de fijaci\u00f3n: Lat\u00f3n niquelado<\/td>\n<\/tr>\n<tr>\n<td class=\"riga1\" width=\"40%\">Montaje :<\/td>\n<td class=\"riga1\" width=\"60%\">Enrasado<\/td>\n<\/tr>\n<tr>\n<td class=\"riga2\" width=\"40%\">Peso [g]:<\/td>\n<td class=\"riga2\" width=\"60%\">60<\/td>\n<\/tr>\n<tr>\n<td class=\"rigaTitolo\" colspan=\"2\"><strong>Conexiones el\u00e9ctricas<\/strong><\/td>\n<\/tr>\n<tr>\n<td class=\"riga1\" width=\"40%\">Cable :<\/td>\n<td class=\"riga1\" width=\"60%\">2 m &#8211; PVC\/PVC &#8211; 3 x 0.14 mm\u00b2<\/td>\n<\/tr>\n<tr>\n<td class=\"rigaTitolo\" colspan=\"2\"><strong>Conformidad con las normas \/ Directivas<\/strong><\/td>\n<\/tr>\n<tr>\n<td class=\"riga1\" width=\"40%\">Cumplimiento de directivas :<\/td>\n<td class=\"riga1\" width=\"60%\">2014\/30\/UE &#8211; Directiva de compatibilidad electromagn\u00e9tica (CEM)<\/td>\n<\/tr>\n<tr>\n<td class=\"riga2\" width=\"40%\">Cumplimiento de normas :<\/td>\n<td class=\"riga2\" width=\"60%\">EN60947-5-2 &#8211; Norma de producto<\/td>\n<\/tr>\n<\/tbody>\n<\/table>\n","protected":false},"excerpt":{"rendered":"<p><a href=\"http:\/\/www.getec.cl\/home\/info\/AE 1700.pdf\" target=\"_blank\" rel=\"noopener\">Descargar Informacion Tecnica (PDF)<\/a><\/p>\n","protected":false},"featured_media":10555,"template":"","meta":{"_uag_custom_page_level_css":"","site-sidebar-layout":"default","site-content-layout":"","ast-site-content-layout":"default","site-content-style":"default","site-sidebar-style":"default","ast-global-header-display":"","ast-banner-title-visibility":"","ast-main-header-display":"","ast-hfb-above-header-display":"","ast-hfb-below-header-display":"","ast-hfb-mobile-header-display":"","site-post-title":"","ast-breadcrumbs-content":"","ast-featured-img":"","footer-sml-layout":"","ast-disable-related-posts":"","theme-transparent-header-meta":"default","adv-header-id-meta":"","stick-header-meta":"","header-above-stick-meta":"","header-main-stick-meta":"","header-below-stick-meta":"","astra-migrate-meta-layouts":"set","ast-page-background-enabled":"default","ast-page-background-meta":{"desktop":{"background-color":"","background-image":"","background-repeat":"repeat","background-position":"center center","background-size":"auto","background-attachment":"scroll","background-type":"","background-media":"","overlay-type":"","overlay-color":"","overlay-opacity":"","overlay-gradient":""},"tablet":{"background-color":"","background-image":"","background-repeat":"repeat","background-position":"center center","background-size":"auto","background-attachment":"scroll","background-type":"","background-media":"","overlay-type":"","overlay-color":"","overlay-opacity":"","overlay-gradient":""},"mobile":{"background-color":"","background-image":"","background-repeat":"repeat","background-position":"center center","background-size":"auto","background-attachment":"scroll","background-type":"","background-media":"","overlay-type":"","overlay-color":"","overlay-opacity":"","overlay-gradient":""}},"ast-content-background-meta":{"desktop":{"background-color":"var(--ast-global-color-5)","background-image":"","background-repeat":"repeat","background-position":"center center","background-size":"auto","background-attachment":"scroll","background-type":"","background-media":"","overlay-type":"","overlay-color":"","overlay-opacity":"","overlay-gradient":""},"tablet":{"background-color":"var(--ast-global-color-5)","background-image":"","background-repeat":"repeat","background-position":"center center","background-size":"auto","background-attachment":"scroll","background-type":"","background-media":"","overlay-type":"","overlay-color":"","overlay-opacity":"","overlay-gradient":""},"mobile":{"background-color":"var(--ast-global-color-5)","background-image":"","background-repeat":"repeat","background-position":"center center","background-size":"auto","background-attachment":"scroll","background-type":"","background-media":"","overlay-type":"","overlay-color":"","overlay-opacity":"","overlay-gradient":""}},"_joinchat":[]},"product_brand":[],"product_cat":[149,64],"product_tag":[],"class_list":{"0":"post-10554","1":"product","2":"type-product","3":"status-publish","4":"has-post-thumbnail","6":"product_cat-instrumentacion","7":"product_cat-sensor-inductivo","8":"desktop-align-center","9":"tablet-align-left","10":"mobile-align-center","12":"first","13":"instock","14":"taxable","15":"shipping-taxable","16":"purchasable","17":"product-type-simple"},"uagb_featured_image_src":{"full":["https:\/\/www.getec.cl\/home\/wp-content\/uploads\/2024\/05\/JI1092A.jpg",590,354,false],"thumbnail":["https:\/\/www.getec.cl\/home\/wp-content\/uploads\/2024\/05\/JI1092A-150x150.jpg",150,150,true],"medium":["https:\/\/www.getec.cl\/home\/wp-content\/uploads\/2024\/05\/JI1092A-300x180.jpg",300,180,true],"medium_large":["https:\/\/www.getec.cl\/home\/wp-content\/uploads\/2024\/05\/JI1092A.jpg",590,354,false],"large":["https:\/\/www.getec.cl\/home\/wp-content\/uploads\/2024\/05\/JI1092A.jpg",590,354,false],"1536x1536":["https:\/\/www.getec.cl\/home\/wp-content\/uploads\/2024\/05\/JI1092A.jpg",590,354,false],"2048x2048":["https:\/\/www.getec.cl\/home\/wp-content\/uploads\/2024\/05\/JI1092A.jpg",590,354,false],"woocommerce_thumbnail":["https:\/\/www.getec.cl\/home\/wp-content\/uploads\/2024\/05\/JI1092A-300x225.jpg",300,225,true],"woocommerce_single":["https:\/\/www.getec.cl\/home\/wp-content\/uploads\/2024\/05\/JI1092A.jpg",590,354,false],"woocommerce_gallery_thumbnail":["https:\/\/www.getec.cl\/home\/wp-content\/uploads\/2024\/05\/JI1092A-100x100.jpg",100,100,true],"dgwt-wcas-product-suggestion":["https:\/\/www.getec.cl\/home\/wp-content\/uploads\/2024\/05\/JI1092A-64x38.jpg",64,38,true]},"uagb_author_info":{"display_name":"getec","author_link":"https:\/\/www.getec.cl\/home\/author\/"},"uagb_comment_info":0,"uagb_excerpt":"Descargar Informacion Tecnica (PDF)","_links":{"self":[{"href":"https:\/\/www.getec.cl\/home\/wp-json\/wp\/v2\/product\/10554","targetHints":{"allow":["GET"]}}],"collection":[{"href":"https:\/\/www.getec.cl\/home\/wp-json\/wp\/v2\/product"}],"about":[{"href":"https:\/\/www.getec.cl\/home\/wp-json\/wp\/v2\/types\/product"}],"wp:featuredmedia":[{"embeddable":true,"href":"https:\/\/www.getec.cl\/home\/wp-json\/wp\/v2\/media\/10555"}],"wp:attachment":[{"href":"https:\/\/www.getec.cl\/home\/wp-json\/wp\/v2\/media?parent=10554"}],"wp:term":[{"taxonomy":"product_brand","embeddable":true,"href":"https:\/\/www.getec.cl\/home\/wp-json\/wp\/v2\/product_brand?post=10554"},{"taxonomy":"product_cat","embeddable":true,"href":"https:\/\/www.getec.cl\/home\/wp-json\/wp\/v2\/product_cat?post=10554"},{"taxonomy":"product_tag","embeddable":true,"href":"https:\/\/www.getec.cl\/home\/wp-json\/wp\/v2\/product_tag?post=10554"}],"curies":[{"name":"wp","href":"https:\/\/api.w.org\/{rel}","templated":true}]}}